[INFO] cloning repository https://github.com/KiwiTalk/tuccflop
[INFO] running `Command { std: "git" "-c" "credential.helper=" "-c" "credential.helper=/workspace/cargo-home/bin/git-credential-null" "clone" "--bare" "https://github.com/KiwiTalk/tuccflop" "/workspace/cache/git-repos/https%3A%2F%2Fgithub.com%2FKiwiTalk%2Ftuccflop", kill_on_drop: false }`
[INFO] [stderr] Cloning into bare repository '/workspace/cache/git-repos/https%3A%2F%2Fgithub.com%2FKiwiTalk%2Ftuccflop'...
[INFO] running `Command { std: "git" "rev-parse" "HEAD", kill_on_drop: false }`
[INFO] [stdout] b3ea704a958b9f25bd1fdc3341f0d7b54b514e1f
[INFO] building KiwiTalk/tuccflop against master#881c1ac408d93bb7adaa3a51dabab9266e82eee8 for issue-85264
[INFO] running `Command { std: "git" "clone" "/workspace/cache/git-repos/https%3A%2F%2Fgithub.com%2FKiwiTalk%2Ftuccflop" "/workspace/builds/worker-9/source", kill_on_drop: false }`
[INFO] [stderr] Cloning into '/workspace/builds/worker-9/source'...
[INFO] [stderr] done.
[INFO] validating manifest of git repo https://github.com/KiwiTalk/tuccflop on toolchain 881c1ac408d93bb7adaa3a51dabab9266e82eee8
[INFO] running `Command { std: "/workspace/cargo-home/bin/cargo" "+881c1ac408d93bb7adaa3a51dabab9266e82eee8" "metadata" "--manifest-path" "Cargo.toml" "--no-deps", kill_on_drop: false }`
[INFO] started tweaking git repo https://github.com/KiwiTalk/tuccflop
[INFO] finished tweaking git repo https://github.com/KiwiTalk/tuccflop
[INFO] tweaked toml for git repo https://github.com/KiwiTalk/tuccflop written to /workspace/builds/worker-9/source/Cargo.toml
[INFO] crate git repo https://github.com/KiwiTalk/tuccflop already has a lockfile, it will not be regenerated
[INFO] running `Command { std: "/workspace/cargo-home/bin/cargo" "+881c1ac408d93bb7adaa3a51dabab9266e82eee8" "fetch" "--manifest-path" "Cargo.toml", kill_on_drop: false }`
[INFO] [stderr]     Updating git repository `https://github.com/gyscos/cursive`
[INFO] [stderr]     Updating git repository `https://github.com/KiwiTalk/loco.rs`
[INFO] [stderr]  Downloading crates ...
[INFO] [stderr]   Downloaded hex-literal v0.3.1
[INFO] [stderr]   Downloaded pin-project-internal v0.4.16
[INFO] [stderr]   Downloaded array-macro v1.0.5
[INFO] [stderr]   Downloaded bson v1.1.0
[INFO] [stderr]   Downloaded enumset_derive v0.5.0
[INFO] [stderr]   Downloaded signal-hook v0.1.14
[INFO] [stderr]   Downloaded crossterm v0.17.4
[INFO] [stderr]   Downloaded pin-project-lite v0.2.1
[INFO] [stderr]   Downloaded enumset v1.0.0
[INFO] [stderr]   Downloaded kv-log-macro v1.0.5
[INFO] [stderr]   Downloaded pin-project v0.4.16
[INFO] [stderr]   Downloaded openssl-sys v0.9.56
[INFO] [stderr]   Downloaded tokio v1.0.1
[INFO] [stderr]   Downloaded webpki v0.22.0
[INFO] [stderr]   Downloaded tokio-stream v0.1.1
[INFO] [stderr]   Downloaded tokio-util v0.6.0
[INFO] running `Command { std: "docker" "create" "-v" "/var/lib/crater-agent-workspace/builds/worker-9/target:/opt/rustwide/target:rw,Z" "-v" "/var/lib/crater-agent-workspace/builds/worker-9/source:/opt/rustwide/workdir:ro,Z" "-v" "/var/lib/crater-agent-workspace/cargo-home:/opt/rustwide/cargo-home:ro,Z" "-v" "/var/lib/crater-agent-workspace/rustup-home:/opt/rustwide/rustup-home:ro,Z" "-e" "SOURCE_DIR=/opt/rustwide/workdir" "-e" "CARGO_TARGET_DIR=/opt/rustwide/target" "-e" "CARGO_HOME=/opt/rustwide/cargo-home" "-e" "RUSTUP_HOME=/opt/rustwide/rustup-home" "-w" "/opt/rustwide/workdir" "-m" "1610612736" "--user" "0:0" "--network" "none" "ghcr.io/rust-lang/crates-build-env/linux@sha256:20528e8c29e4536546f0102ce88568b16ea7538393a33fcca951030f7af10457" "/opt/rustwide/cargo-home/bin/cargo" "+881c1ac408d93bb7adaa3a51dabab9266e82eee8" "metadata" "--no-deps" "--format-version=1", kill_on_drop: false }`
[INFO] [stdout] 95522aa29b57d9c7e65fd44c5ea481a0d7e95ad505eb60bcbd9e90d66f541a9d
[INFO] [stderr] WARNING: Your kernel does not support swap limit capabilities or the cgroup is not mounted. Memory limited without swap.
[INFO] running `Command { std: "docker" "start" "-a" "95522aa29b57d9c7e65fd44c5ea481a0d7e95ad505eb60bcbd9e90d66f541a9d", kill_on_drop: false }`
[INFO] running `Command { std: "docker" "inspect" "95522aa29b57d9c7e65fd44c5ea481a0d7e95ad505eb60bcbd9e90d66f541a9d", kill_on_drop: false }`
[INFO] running `Command { std: "docker" "rm" "-f" "95522aa29b57d9c7e65fd44c5ea481a0d7e95ad505eb60bcbd9e90d66f541a9d", kill_on_drop: false }`
[INFO] [stdout] 95522aa29b57d9c7e65fd44c5ea481a0d7e95ad505eb60bcbd9e90d66f541a9d
[INFO] running `Command { std: "docker" "create" "-v" "/var/lib/crater-agent-workspace/builds/worker-9/target:/opt/rustwide/target:rw,Z" "-v" "/var/lib/crater-agent-workspace/builds/worker-9/source:/opt/rustwide/workdir:ro,Z" "-v" "/var/lib/crater-agent-workspace/cargo-home:/opt/rustwide/cargo-home:ro,Z" "-v" "/var/lib/crater-agent-workspace/rustup-home:/opt/rustwide/rustup-home:ro,Z" "-e" "SOURCE_DIR=/opt/rustwide/workdir" "-e" "CARGO_TARGET_DIR=/opt/rustwide/target" "-e" "CARGO_INCREMENTAL=0" "-e" "RUST_BACKTRACE=full" "-e" "RUSTFLAGS=--cap-lints=forbid" "-e" "CARGO_HOME=/opt/rustwide/cargo-home" "-e" "RUSTUP_HOME=/opt/rustwide/rustup-home" "-w" "/opt/rustwide/workdir" "-m" "1610612736" "--user" "0:0" "--network" "none" "ghcr.io/rust-lang/crates-build-env/linux@sha256:20528e8c29e4536546f0102ce88568b16ea7538393a33fcca951030f7af10457" "/opt/rustwide/cargo-home/bin/cargo" "+881c1ac408d93bb7adaa3a51dabab9266e82eee8" "build" "--frozen" "--message-format=json", kill_on_drop: false }`
[INFO] [stderr] WARNING: Your kernel does not support swap limit capabilities or the cgroup is not mounted. Memory limited without swap.
[INFO] [stdout] dd2ce6e60bc813d72c8ff088b5d9e512501b6a383a079392d1bb9b89458d4454
[INFO] running `Command { std: "docker" "start" "-a" "dd2ce6e60bc813d72c8ff088b5d9e512501b6a383a079392d1bb9b89458d4454", kill_on_drop: false }`
[INFO] [stderr]    Compiling libc v0.2.81
[INFO] [stderr]    Compiling proc-macro2 v1.0.24
[INFO] [stderr]    Compiling syn v1.0.53
[INFO] [stderr]    Compiling cfg-if v0.1.10
[INFO] [stderr]    Compiling log v0.4.8
[INFO] [stderr]    Compiling lazy_static v1.4.0
[INFO] [stderr]    Compiling memchr v2.3.3
[INFO] [stderr]    Compiling futures-core v0.3.8
[INFO] [stderr]    Compiling cc v1.0.66
[INFO] [stderr]    Compiling futures-sink v0.3.8
[INFO] [stderr]    Compiling proc-macro-nested v0.1.6
[INFO] [stderr]    Compiling once_cell v1.7.2
[INFO] [stderr]    Compiling futures-io v0.3.8
[INFO] [stderr]    Compiling pkg-config v0.3.17
[INFO] [stderr]    Compiling pin-project-lite v0.2.1
[INFO] [stderr]    Compiling bytes v1.0.0
[INFO] [stderr]    Compiling smallvec v1.4.0
[INFO] [stderr]    Compiling serde v1.0.110
[INFO] [stderr]    Compiling ryu v1.0.4
[INFO] [stderr]    Compiling strsim v0.9.3
[INFO] [stderr]    Compiling foreign-types-shared v0.1.1
[INFO] [stderr]    Compiling typenum v1.12.0
[INFO] [stderr]    Compiling openssl v0.10.29
[INFO] [stderr]    Compiling native-tls v0.2.4
[INFO] [stderr]    Compiling arc-swap v0.4.6
[INFO] [stderr]    Compiling cache-padded v1.1.1
[INFO] [stderr]    Compiling waker-fn v1.1.0
[INFO] [stderr]    Compiling byteorder v1.3.4
[INFO] [stderr]    Compiling fastrand v1.4.0
[INFO] [stderr]    Compiling pin-project-lite v0.1.11
[INFO] [stderr]    Compiling parking v2.0.0
[INFO] [stderr]    Compiling event-listener v2.5.1
[INFO] [stderr]    Compiling hex v0.4.2
[INFO] [stderr]    Compiling getrandom v0.2.1
[INFO] [stderr]    Compiling atomic-waker v1.0.0
[INFO] [stderr]    Compiling parking v1.0.6
[INFO] [stderr]    Compiling stable_deref_trait v1.1.1
[INFO] [stderr]    Compiling array-macro v1.0.5
[INFO] [stderr]    Compiling linked-hash-map v0.5.3
[INFO] [stderr]    Compiling scoped-tls v1.0.0
[INFO] [stderr]    Compiling unicode-width v0.1.7
[INFO] [stderr]    Compiling async-task v3.0.0
[INFO] [stderr]    Compiling unicode-segmentation v1.6.0
[INFO] [stderr]    Compiling xi-unicode v0.2.0
[INFO] [stderr]    Compiling whoami v1.1.2
[INFO] [stderr]    Compiling data-encoding v2.2.0
[INFO] [stderr]    Compiling hex-literal v0.3.1
[INFO] [stderr]    Compiling tokio v1.0.1
[INFO] [stderr]    Compiling crossbeam-utils v0.7.2
[INFO] [stderr]    Compiling num-iter v0.1.40
[INFO] [stderr]    Compiling num-rational v0.2.4
[INFO] [stderr]    Compiling num-complex v0.2.4
[INFO] [stderr]    Compiling tracing-core v0.1.17
[INFO] [stderr]    Compiling futures-channel v0.3.8
[INFO] [stderr]    Compiling futures-task v0.3.8
[INFO] [stderr]    Compiling foreign-types v0.3.2
[INFO] [stderr]    Compiling generic-array v0.14.4
[INFO] [stderr]    Compiling unicode-normalization v0.1.12
[INFO] [stderr]    Compiling http v0.2.1
[INFO] [stderr]    Compiling form_urlencoded v1.0.0
[INFO] [stderr]    Compiling concurrent-queue v1.2.2
[INFO] [stderr]    Compiling lock_api v0.3.4
[INFO] [stderr]    Compiling owning_ref v0.4.1
[INFO] [stderr]    Compiling encoding_rs v0.8.22
[INFO] [stderr]    Compiling tracing v0.1.22
[INFO] [stderr]    Compiling async-channel v1.5.1
[INFO] [stderr]    Compiling futures-lite v0.1.11
[INFO] [stderr]    Compiling want v0.3.0
[INFO] [stderr]    Compiling kv-log-macro v1.0.5
[INFO] [stderr]    Compiling crossbeam-channel v0.4.2
[INFO] [stderr]    Compiling quote v1.0.4
[INFO] [stderr]    Compiling idna v0.2.0
[INFO] [stderr]    Compiling getrandom v0.1.14
[INFO] [stderr]    Compiling num_cpus v1.13.0
[INFO] [stderr]    Compiling mio v0.7.7
[INFO] [stderr]    Compiling socket2 v0.3.17
[INFO] [stderr]    Compiling time v0.1.43
[INFO] [stderr]    Compiling iovec v0.1.4
[INFO] [stderr]    Compiling net2 v0.2.34
[INFO] [stderr]    Compiling signal-hook-registry v1.2.0
[INFO] [stderr]    Compiling parking_lot_core v0.7.2
[INFO] [stderr]    Compiling dirs-sys v0.3.6
[INFO] [stderr]    Compiling openssl-sys v0.9.56
[INFO] [stderr]    Compiling ring v0.16.20
[INFO] [stderr]    Compiling rand_core v0.5.1
[INFO] [stderr]    Compiling blocking v0.4.7
[INFO] [stderr]    Compiling num v0.2.1
[INFO] [stderr]    Compiling const-random-macro v0.1.8
[INFO] [stderr]    Compiling dirs v3.0.2
[INFO] [stderr]    Compiling uuid v0.8.2
[INFO] [stderr]    Compiling mio v0.6.22
[INFO] [stderr]    Compiling chrono v0.4.11
[INFO] [stderr]    Compiling parking_lot v0.10.2
[INFO] [stderr]    Compiling url v2.2.0
[INFO] [stderr]    Compiling rand_chacha v0.2.2
[INFO] [stderr]    Compiling digest v0.9.0
[INFO] [stderr]    Compiling block-buffer v0.9.0
[INFO] [stderr]    Compiling rand v0.7.3
[INFO] [stderr]    Compiling sha2 v0.9.2
[INFO] [stderr]    Compiling http-body v0.4.0
[INFO] [stderr]    Compiling const-random v0.1.8
[INFO] [stderr]    Compiling ahash v0.3.4
[INFO] [stderr]    Compiling signal-hook v0.1.14
[INFO] [stderr]    Compiling crossterm v0.17.4
[INFO] [stderr]    Compiling webpki v0.22.0
[INFO] [stderr]    Compiling darling_core v0.10.2
[INFO] [stderr]    Compiling pin-project-internal v1.0.2
[INFO] [stderr]    Compiling futures-macro v0.3.8
[INFO] [stderr]    Compiling tokio-macros v1.0.0
[INFO] [stderr]    Compiling serde_derive v1.0.110
[INFO] [stderr]    Compiling pin-project-internal v0.4.16
[INFO] [stderr]    Compiling enum-map-derive v0.4.3
[INFO] [stderr]    Compiling serde_repr v0.1.6
[INFO] [stderr]    Compiling darling_macro v0.10.2
[INFO] [stderr]    Compiling enum-map v0.6.2
[INFO] [stderr]    Compiling darling v0.10.2
[INFO] [stderr]    Compiling enumset_derive v0.5.0
[INFO] [stderr]    Compiling pin-project v1.0.2
[INFO] [stderr]    Compiling futures-util v0.3.8
[INFO] [stderr]    Compiling pin-project v0.4.16
[INFO] [stderr]    Compiling tracing-futures v0.2.4
[INFO] [stderr]    Compiling enumset v1.0.0
[INFO] [stderr]    Compiling cursive_core v0.1.0 (https://github.com/gyscos/cursive#ec10145b)
[INFO] [stderr]    Compiling tokio-stream v0.1.1
[INFO] [stderr]    Compiling tokio-native-tls v0.3.0
[INFO] [stderr]    Compiling tokio-util v0.6.0
[INFO] [stderr]    Compiling cursive v0.15.0-alpha.0 (https://github.com/gyscos/cursive#ec10145b)
[INFO] [stderr]    Compiling h2 v0.3.0
[INFO] [stderr]    Compiling futures-executor v0.3.8
[INFO] [stderr]    Compiling smol v0.1.18
[INFO] [stderr]    Compiling futures v0.3.8
[INFO] [stderr]    Compiling async-std v1.6.2
[INFO] [stderr]    Compiling hyper v0.14.2
[INFO] [stderr]    Compiling serde_json v1.0.53
[INFO] [stderr]    Compiling serde_urlencoded v0.7.0
[INFO] [stderr]    Compiling bincode v1.3.1
[INFO] [stderr]    Compiling bson v1.1.0
[INFO] [stderr]    Compiling hyper-tls v0.5.0
[INFO] [stderr]    Compiling reqwest v0.11.0
[INFO] [stderr]    Compiling loco-derive v0.1.0 (https://github.com/KiwiTalk/loco.rs#6cec6ae6)
[INFO] [stderr]    Compiling loco v0.1.0 (https://github.com/KiwiTalk/loco.rs#6cec6ae6)
[INFO] [stderr]    Compiling tuccflop v0.1.0 (/opt/rustwide/workdir)
[INFO] [stdout] error[E0432]: unresolved import `loco::internal::agent`
[INFO] [stdout]  --> src/main.rs:7:21
[INFO] [stdout]   |
[INFO] [stdout] 7 | use loco::internal::agent::Os;
[INFO] [stdout]   |                     ^^^^^ could not find `agent` in `internal`
[INFO] [stdout] 
[INFO] [stdout] 
[INFO] [stdout] error[E0308]: mismatched types
[INFO] [stdout]   --> src/screen.rs:74:11
[INFO] [stdout]    |
[INFO] [stdout] 73 | ...                   match login_access_data.status {
[INFO] [stdout]    |                             ------------------------ this expression has type `Option<StatusCode>`
[INFO] [stdout] 74 | ...                       12 => "비번틀렸심시오",
[INFO] [stdout]    |                           ^^ expected enum `Option`, found integer
[INFO] [stdout]    |
[INFO] [stdout]    = note: expected enum `Option<StatusCode>`
[INFO] [stdout]               found type `{integer}`
[INFO] [stdout] 
[INFO] [stdout] 
[INFO] [stdout] error[E0308]: mismatched types
[INFO] [stdout]   --> src/screen.rs:75:11
[INFO] [stdout]    |
[INFO] [stdout] 73 | ...                   match login_access_data.status {
[INFO] [stdout]    |                             ------------------------ this expression has type `Option<StatusCode>`
[INFO] [stdout] 74 | ...                       12 => "비번틀렸심시오",
[INFO] [stdout] 75 | ...                       30 => "없는아이디심시오",
[INFO] [stdout]    |                           ^^ expected enum `Option`, found integer
[INFO] [stdout]    |
[INFO] [stdout]    = note: expected enum `Option<StatusCode>`
[INFO] [stdout]               found type `{integer}`
[INFO] [stdout] 
[INFO] [stdout] 
[INFO] [stdout] error[E0308]: mismatched types
[INFO] [stdout]   --> src/screen.rs:76:11
[INFO] [stdout]    |
[INFO] [stdout] 73 | ...                   match login_access_data.status {
[INFO] [stdout]    |                             ------------------------ this expression has type `Option<StatusCode>`
[INFO] [stdout] ...
[INFO] [stdout] 76 | ...                       -100 => "",
[INFO] [stdout]    |                           ^^^^ expected enum `Option`, found integer
[INFO] [stdout]    |
[INFO] [stdout]    = note: expected enum `Option<StatusCode>`
[INFO] [stdout]               found type `{integer}`
[INFO] [stdout] 
[INFO] [stdout] 
[INFO] [stdout] error[E0308]: mismatched types
[INFO] [stdout]   --> src/screen.rs:77:11
[INFO] [stdout]    |
[INFO] [stdout] 73 | ...                   match login_access_data.status {
[INFO] [stdout]    |                             ------------------------ this expression has type `Option<StatusCode>`
[INFO] [stdout] ...
[INFO] [stdout] 77 | ...                       0 => {
[INFO] [stdout]    |                           ^ expected enum `Option`, found integer
[INFO] [stdout]    |
[INFO] [stdout]    = note: expected enum `Option<StatusCode>`
[INFO] [stdout]               found type `{integer}`
[INFO] [stdout] 
[INFO] [stdout] 
[INFO] [stdout] error[E0308]: mismatched types
[INFO] [stdout]   --> src/screen.rs:85:9
[INFO] [stdout]    |
[INFO] [stdout] 84 | ...                   match login_access_data.status {
[INFO] [stdout]    |                             ------------------------ this expression has type `Option<StatusCode>`
[INFO] [stdout] 85 | ...                       -100 => {
[INFO] [stdout]    |                           ^^^^ expected enum `Option`, found integer
[INFO] [stdout]    |
[INFO] [stdout]    = note: expected enum `Option<StatusCode>`
[INFO] [stdout]               found type `{integer}`
[INFO] [stdout] 
[INFO] [stdout] 
[INFO] [stdout] error[E0308]: mismatched types
[INFO] [stdout]   --> src/screen.rs:94:9
[INFO] [stdout]    |
[INFO] [stdout] 84 | ...                   match login_access_data.status {
[INFO] [stdout]    |                             ------------------------ this expression has type `Option<StatusCode>`
[INFO] [stdout] ...
[INFO] [stdout] 94 | ...                       0 => {
[INFO] [stdout]    |                           ^ expected enum `Option`, found integer
[INFO] [stdout]    |
[INFO] [stdout]    = note: expected enum `Option<StatusCode>`
[INFO] [stdout]               found type `{integer}`
[INFO] [stdout] 
[INFO] [stdout] 
[INFO] [stdout] error[E0599]: no method named `text` found for struct `LoginAccessData` in the current scope
[INFO] [stdout]    --> src/screen.rs:146:38
[INFO] [stdout]     |
[INFO] [stdout] 146 | ...                   let text: String = response.text().unwrap(); //TODO handle
[INFO] [stdout]     |                                                   ^^^^ method not found in `LoginAccessData`
[INFO] [stdout] 
[INFO] [stdout] 
[INFO] [stdout] error: aborting due to 8 previous errors
[INFO] [stdout] 
[INFO] [stdout] 
[INFO] [stdout] Some errors have detailed explanations: E0308, E0432, E0599.
[INFO] [stdout] 
[INFO] [stdout] For more information about an error, try `rustc --explain E0308`.
[INFO] [stdout] 
[INFO] [stderr] error: could not compile `tuccflop`
[INFO] [stderr] 
[INFO] [stderr] To learn more, run the command again with --verbose.
[INFO] running `Command { std: "docker" "inspect" "dd2ce6e60bc813d72c8ff088b5d9e512501b6a383a079392d1bb9b89458d4454", kill_on_drop: false }`
[INFO] running `Command { std: "docker" "rm" "-f" "dd2ce6e60bc813d72c8ff088b5d9e512501b6a383a079392d1bb9b89458d4454", kill_on_drop: false }`
[INFO] [stdout] dd2ce6e60bc813d72c8ff088b5d9e512501b6a383a079392d1bb9b89458d4454
